{"id":251,"date":"2015-10-15T15:32:49","date_gmt":"2015-10-15T15:32:49","guid":{"rendered":"http:\/\/wpoffice\/construction\/?page_id=25"},"modified":"2022-03-04T16:50:50","modified_gmt":"2022-03-04T15:50:50","slug":"leistungen","status":"publish","type":"page","link":"https:\/\/www.m-s-planungsbuero.de\/?page_id=251","title":{"rendered":"Leistungen"},"content":{"rendered":"\n<style type=\"text\/css\" data-created_by=\"avia_inline_auto\" id=\"style-css-av-2l707c-5b52071cf241abd04630a00f5648e45b\">\n#top .flex_column.av-2l707c-5b52071cf241abd04630a00f5648e45b{\nmargin-top:0px;\nmargin-bottom:0px;\n}\n.flex_column.av-2l707c-5b52071cf241abd04630a00f5648e45b{\nborder-radius:0px 0px 0px 0px;\npadding:0px 0px 0px 0px;\n}\n.responsive #top #wrap_all .flex_column.av-2l707c-5b52071cf241abd04630a00f5648e45b{\nmargin-top:0px;\nmargin-bottom:0px;\n}\n<\/style>\n<div  class='flex_column av-2l707c-5b52071cf241abd04630a00f5648e45b av_one_full  avia-builder-el-0  el_before_av_hr  avia-builder-el-first  first flex_column_div av-animated-generic bottom-to-top av-zero-column-padding  '     ><p>\n<style type=\"text\/css\" data-created_by=\"avia_inline_auto\" id=\"style-css-av-kl9y2jtq-98aa4788d7099408bf3ccea3488f6afa\">\n#top .av-special-heading.av-kl9y2jtq-98aa4788d7099408bf3ccea3488f6afa{\npadding-bottom:0;\n}\nbody .av-special-heading.av-kl9y2jtq-98aa4788d7099408bf3ccea3488f6afa .av-special-heading-tag .heading-char{\nfont-size:25px;\n}\n.av-special-heading.av-kl9y2jtq-98aa4788d7099408bf3ccea3488f6afa .av-subheading{\nfont-size:15px;\n}\n<\/style>\n<div  class='av-special-heading av-kl9y2jtq-98aa4788d7099408bf3ccea3488f6afa av-special-heading-h1 blockquote modern-quote  avia-builder-el-1  el_before_av_hr  avia-builder-el-first '><h1 class='av-special-heading-tag '  itemprop=\"headline\"  >unsere Leistungen<\/h1><div class=\"special-heading-border\"><div class=\"special-heading-inner-border\"><\/div><\/div><\/div><br \/>\n\n<style type=\"text\/css\" data-created_by=\"avia_inline_auto\" id=\"style-css-av-26ylg0-515b3d16b795d8b28284973fd27bfe30\">\n#top .hr.av-26ylg0-515b3d16b795d8b28284973fd27bfe30{\nmargin-top:10px;\nmargin-bottom:10px;\n}\n.hr.av-26ylg0-515b3d16b795d8b28284973fd27bfe30 .hr-inner{\nwidth:50px;\nborder-color:#918a56;\n}\n<\/style>\n<div  class='hr av-26ylg0-515b3d16b795d8b28284973fd27bfe30 hr-custom  avia-builder-el-2  el_after_av_heading  avia-builder-el-last  hr-left hr-icon-no'><span class='hr-inner inner-border-av-border-fat'><span class=\"hr-inner-style\"><\/span><\/span><\/div><\/p><\/div>\n\n<style type=\"text\/css\" data-created_by=\"avia_inline_auto\" id=\"style-css-av-khdaog5i-4cc0b8464ce5871d20d1b4fc30f314ed\">\n#top .hr.hr-invisible.av-khdaog5i-4cc0b8464ce5871d20d1b4fc30f314ed{\nheight:50px;\n}\n<\/style>\n<div  class='hr av-khdaog5i-4cc0b8464ce5871d20d1b4fc30f314ed hr-invisible  avia-builder-el-3  el_after_av_one_full  el_before_av_one_full '><span class='hr-inner '><span class=\"hr-inner-style\"><\/span><\/span><\/div>\n<div  class='flex_column av-av_one_full-a93934ecd89fbb8a9566d39e89cd3725 av_one_full  avia-builder-el-4  el_after_av_hr  el_before_av_hr  first flex_column_div  '     ><div  class='togglecontainer av-l0clcq62-031c40d1bc607e00cd6173ee6b6b30a2 av-elegant-toggle  avia-builder-el-5  avia-builder-el-no-sibling  toggle_close_all' >\n<section class='av_toggle_section av-l0clbz84-e9b74c297562577b8031799729eca97a'  itemscope=\"itemscope\" itemtype=\"https:\/\/schema.org\/CreativeWork\" ><div role=\"tablist\" class=\"single_toggle\" data-tags=\"{Alle} \"  ><p id='toggle-toggle-id-1' data-fake-id='#toggle-id-1' class='toggler  av-title-above '  itemprop=\"headline\"  role='tab' tabindex='0' aria-controls='toggle-id-1' data-slide-speed=\"200\" data-title=\"Bauleitung &amp; Consulting\" data-title-open=\"\" data-aria_collapsed=\"Click to expand: Bauleitung &amp; Consulting\" data-aria_expanded=\"Click to collapse: Bauleitung &amp; Consulting\">Bauleitung &amp; Consulting<span class=\"toggle_icon\"><span class=\"vert_icon\"><\/span><span class=\"hor_icon\"><\/span><\/span><\/p><div id='toggle-id-1' aria-labelledby='toggle-toggle-id-1' role='region' class='toggle_wrap  av-title-above'  ><div class='toggle_content invers-color '  itemprop=\"text\" ><div class=\"flex_column av-2x0ya9-412d0fe846f77c3db836f864c6ae1348 av_one_full avia-builder-el-3 el_after_av_one_full avia-builder-el-last first flex_column_div av-animated-generic bottom-to-top av-zero-column-padding column-top-margin avia_start_animation avia_start_delayed_animation\">\n<section class=\"av_textblock_section av-2rcnch-6373325abdc9722b4559c1cda2811bf6\">\n<div class=\"avia_textblock\">\n<ul>\n<li>\u00dcberwachung der ordnungsgem\u00e4\u00dfen Ausf\u00fchrung der Bauarbeiten<\/li>\n<li>Begutachtung der Bausubstanz bestehender Geb\u00e4ude<\/li>\n<li>Standsicherheitspr\u00fcfungen<\/li>\n<li>Instandsetzungskonzepte<\/li>\n<\/ul>\n<\/div>\n<\/section>\n<\/div>\n<\/div><\/div><\/div><\/section>\n<section class='av_toggle_section av-l0clchbs-8f8bfd2823f697a765edf35c1ee15818'  itemscope=\"itemscope\" itemtype=\"https:\/\/schema.org\/CreativeWork\" ><div role=\"tablist\" class=\"single_toggle\" data-tags=\"{Alle} \"  ><p id='toggle-toggle-id-2' data-fake-id='#toggle-id-2' class='toggler  av-title-above '  itemprop=\"headline\"  role='tab' tabindex='0' aria-controls='toggle-id-2' data-slide-speed=\"200\" data-title=\"Statik &amp; Tragswerksplanung\" data-title-open=\"\" data-aria_collapsed=\"Click to expand: Statik &amp; Tragswerksplanung\" data-aria_expanded=\"Click to collapse: Statik &amp; Tragswerksplanung\">Statik &amp; Tragswerksplanung<span class=\"toggle_icon\"><span class=\"vert_icon\"><\/span><span class=\"hor_icon\"><\/span><\/span><\/p><div id='toggle-id-2' aria-labelledby='toggle-toggle-id-2' role='region' class='toggle_wrap  av-title-above'  ><div class='toggle_content invers-color '  itemprop=\"text\" ><div class=\"flex_column av-2v4wgf-dd3ee619a173e92f7ffd3a4094427cdc av_one_full avia-builder-el-3 el_after_av_one_full avia-builder-el-last first flex_column_div av-animated-generic bottom-to-top av-zero-column-padding column-top-margin avia_start_animation avia_start_delayed_animation\">\n<section class=\"av_textblock_section av-2pac7j-8355134b83b2d8a6129b133402cdb089\">\n<div class=\"avia_textblock\">\n<p><strong>Neubauten<\/strong><\/p>\n<p><strong> Um- und Anbauten<\/strong><\/p>\n<p><strong>Instandsetzungen f\u00fcr Beton-, Holz-, Mauerwerks- und Stahlbauten in den Bereichen:<\/strong><\/p>\n<ul style=\"list-style-type: circle;\">\n<li>Einfamilienh\u00e4user<\/li>\n<li>Wohnungsbau<\/li>\n<li>Industrie- und Hallenbau<\/li>\n<li>Gewerbliches Bauen<\/li>\n<li>\u00d6ffentliche Auftraggeber<\/li>\n<\/ul>\n<p><strong>FEM-Berechnungen<\/strong><\/p>\n<p><strong>Leistungsphasen nach HOAI: LP 1 bis LP 5<\/strong><\/p>\n<p><strong>Erstellung von Eingabeplanungen und\/oder Beratung bei Tragwerks-konzeption (Vorplanung)<\/strong><\/p>\n<\/div>\n<\/section>\n<\/div>\n<\/div><\/div><\/div><\/section>\n<section class='av_toggle_section av-l0cldtmh-d244c5f4677c66e2e2c43896325cdf44'  itemscope=\"itemscope\" itemtype=\"https:\/\/schema.org\/CreativeWork\" ><div role=\"tablist\" class=\"single_toggle\" data-tags=\"{Alle} \"  ><p id='toggle-toggle-id-3' data-fake-id='#toggle-id-3' class='toggler  av-title-above '  itemprop=\"headline\"  role='tab' tabindex='0' aria-controls='toggle-id-3' data-slide-speed=\"200\" data-title=\"Konstruktion\" data-title-open=\"\" data-aria_collapsed=\"Click to expand: Konstruktion\" data-aria_expanded=\"Click to collapse: Konstruktion\">Konstruktion<span class=\"toggle_icon\"><span class=\"vert_icon\"><\/span><span class=\"hor_icon\"><\/span><\/span><\/p><div id='toggle-id-3' aria-labelledby='toggle-toggle-id-3' role='region' class='toggle_wrap  av-title-above'  ><div class='toggle_content invers-color '  itemprop=\"text\" ><p><main class=\"template-page content av-content-full alpha units av-enable-shadow\" role=\"main\"><\/main><\/p>\n<div class=\"post-entry post-entry-type-page post-entry-142\">\n<div class=\"entry-content-wrapper clearfix\">\n<div class=\"flex_column av-20afly-a84142667adf783014ddf61a6307d84b av_one_full avia-builder-el-3 el_after_av_one_full avia-builder-el-last first flex_column_div av-animated-generic bottom-to-top av-zero-column-padding column-top-margin avia_start_animation avia_start_delayed_animation\">\n<section class=\"av_textblock_section av-1vnoiu-5d7f09344d5429ff8a4e2e74d82b4420\">\n<div class=\"avia_textblock\">\n<p>Konstruktion von Bauwerksteilen und Geb\u00e4uden nach den anerkannten Regeln der Technik.<\/p>\n<p>Erstellung von Schal- und Bewehrungspl\u00e4nen.<\/p>\n<\/div>\n<\/section>\n<\/div>\n<\/div>\n<\/div>\n<\/div><\/div><\/div><\/section>\n<\/div><\/div>\n<style type=\"text\/css\" data-created_by=\"avia_inline_auto\" id=\"style-css-av-khfarsr1-64753c7827215ecc48eccaf52e53b8d5\">\n#top .hr.hr-invisible.av-khfarsr1-64753c7827215ecc48eccaf52e53b8d5{\nheight:50px;\n}\n<\/style>\n<div  class='hr av-khfarsr1-64753c7827215ecc48eccaf52e53b8d5 hr-invisible  avia-builder-el-6  el_after_av_one_full  avia-builder-el-last '><span class='hr-inner '><span class=\"hr-inner-style\"><\/span><\/span><\/div><\/p>\n","protected":false},"excerpt":{"rendered":"","protected":false},"author":2,"featured_media":0,"parent":0,"menu_order":0,"comment_status":"closed","ping_status":"closed","template":"","meta":{"_acf_changed":false,"footnotes":""},"class_list":["post-251","page","type-page","status-publish","hentry"],"acf":[],"_links":{"self":[{"href":"https:\/\/www.m-s-planungsbuero.de\/index.php?rest_route=\/wp\/v2\/pages\/251","targetHints":{"allow":["GET"]}}],"collection":[{"href":"https:\/\/www.m-s-planungsbuero.de\/index.php?rest_route=\/wp\/v2\/pages"}],"about":[{"href":"https:\/\/www.m-s-planungsbuero.de\/index.php?rest_route=\/wp\/v2\/types\/page"}],"author":[{"embeddable":true,"href":"https:\/\/www.m-s-planungsbuero.de\/index.php?rest_route=\/wp\/v2\/users\/2"}],"replies":[{"embeddable":true,"href":"https:\/\/www.m-s-planungsbuero.de\/index.php?rest_route=%2Fwp%2Fv2%2Fcomments&post=251"}],"version-history":[{"count":8,"href":"https:\/\/www.m-s-planungsbuero.de\/index.php?rest_route=\/wp\/v2\/pages\/251\/revisions"}],"predecessor-version":[{"id":3233,"href":"https:\/\/www.m-s-planungsbuero.de\/index.php?rest_route=\/wp\/v2\/pages\/251\/revisions\/3233"}],"wp:attachment":[{"href":"https:\/\/www.m-s-planungsbuero.de\/index.php?rest_route=%2Fwp%2Fv2%2Fmedia&parent=251"}],"curies":[{"name":"wp","href":"https:\/\/api.w.org\/{rel}","templated":true}]}}